j.
9
Suppose 0 = 70*a - 49*a - 28035. Calculate the greatest common divisor of 45 and a.
15
Let a be 20*(-49)/((-3430)/22848). What is the highest common divisor of 51 and a?
51
Let m = 5 - -4. Suppose 88 = -v + m*v. Let i(z) = -z**2 - 18*z - 44. Let s be i(-7). Calculate the highest common factor of v and s.
11
Let c be (-3)/(-4) - (-650)/104. Suppose 0 = -2*d, 4*t - 4*d - 15 = t. Suppose c = -3*m - t, -m = -2*s + 6. Calculate the highest common factor of 9 and s.
1
Let g = 11679 + -7671. Suppose 168 = -12*k + g. Calculate the greatest common divisor of k and 10.
10
Suppose 4*r = -20, 4*r = -b - 19 + 2. Suppose 6 = -3*v, 2*s - b = -3*v + 1. Calculate the highest common divisor of s and 20.
5
Let v = 259 + -256. Suppose -5*q - 3*g = -54, q - 2*g = -v*g + 10. Calculate the greatest common divisor of q and 720.
12
Suppose 41*n + 29*n - 29*n = 2870. Calculate the highest common factor of 14 and n.
14
Let p(c) = 2*c + 30. Let a be p(-19). Let m = a - -9. Suppose 5*g - 25 = -5*q, -2*g - m = -7*g + 3*q. Calculate the greatest common factor of 8 and g.
2
Let t = 99967 + -67665. What is the greatest common divisor of 62 and t?
62
Let w(v) = v**2 + 243*v - 2074. Let k be w(9). What is the highest common factor of k and 194?
194
Suppose 6 = -3*n + 4*n. Suppose -8*g = -18 - n. Calculate the highest common divisor of 33 and g.
3
Let m = 328 + -225. Suppose -5*a + m = 2*h, 16 = 2*a + 6. Let l = 59 - h. What is the highest common divisor of 8 and l?
4
Let z be (-53)/(-3) - 1/(-3). Suppose -2*r + 1012 = -d, 0 = -2*r - 3*d + 6*d + 1008. Suppose -7*a = -570 + r. Calculate the greatest common factor of a and z.
9
Let v(k) = 23*k - 93. Let q be v(3). Let l(p) = p**3 + 24*p**2 - 4*p - 89. Let j be l(q). What is the greatest common divisor of 161 and j?
7
Suppose -3*r - 3*g - 275 = -323, 0 = -3*r - 4*g + 50. Let b(v) = 131*v**2 + 2*v - 2. Let w be b(-2). Calculate the highest common divisor of w and r.
14
Let x(b) be the second derivative of b**5/10 - 11*b**4/12 + b**3/6 - 11*b**2 + 82*b. Let f be x(6). Calculate the greatest common factor of 5 and f.
5
Let v = -17 + 53. Let t = -15356 + 15410. What is the greatest common divisor of v and t?
18
Let k be (-2)/(-2)*-1 + 16. Let g(b) = b**3 + 30*b**2 - 35*b - 45. Let o be g(-31). Suppose 12*r - 151 + o = 0. What is the highest common factor of k and r?
3
Let i be (-20 - -17)*23*-1. Suppose 0 = 2*o - i - 173. Let l be 4/6*(11 + o). Calculate the highest common factor of l and 132.
44
Let w(c) = 40*c**3 - 6*c**2 + 62*c - 30. Let t be w(4). Calculate the highest common factor of t and 216.
18
Suppose -2*i = -2*v + 92, 2*i = -i + 12. Suppose 0*l - 185 = -l - 5*d, 0 = 4*l + 4*d - 708. Calculate the highest common divisor of l and v.
25
Suppose -2*d = -8*d + 30. Let g = 626 + -622. What is the greatest common divisor of d and g?
1
Let g = 30775 - 25068. What is the highest common divisor of 78 and g?
13
Suppose -5*c + 11*k - 547 = -6989, c + 4*k - 1307 = 0. Calculate the highest common divisor of c and 210.
35
Let t be ((-4)/3)/(4/(-6)). Suppose -w = -t*w + 85. Suppose y + 6*i = 3*i + 8, -2*i - 23 = -y. Calculate the highest common factor of w and y.
17
Let d(h) = -h - 2. Let o(l) = 41*l - 53. Let r(t) = 4*d(t) - o(t). Let f be r(-7). Calculate the greatest common divisor of 288 and f.
72
Suppose 4*s - 3 = -4*k - 19, -2*k = 5*s + 14. Let d be (s - 0) + (29 - -1). Suppose 1036 = 49*q - 12*q. Calculate the highest common factor of q and d.
28
Let t(n) = n**2 - 5*n - 22. Let g be t(8). Let u be ((-126)/15)/(71/(-35) + g). Suppose 4*c = 318 + u. Calculate the highest common factor of c and 9.
9
Let a(g) = 2*g**2 - 2*g + 1. Let r be a(-2). Let y be 4 - -4*35/(-10). Let z be (-1)/((y/(-15))/(26/(-3))). Calculate the highest common divisor of r and z.
13
Suppose -332 = -5*p - c, 6*p - 5*p - 3*c - 60 = 0. Let k = p - 61. Let f = 77 + -42. What is the highest common divisor of k and f?
5
Suppose -214 = 10*x + 106. Let f be (-47 - x)*10/(-3). Calculate the highest common divisor of f and 550.
50
Let n(b) = -10*b + 3*b**2 + 11*b + 147 - 155 - 2*b**2. Let w be n(-11). What is the highest common factor of w and 18?
6
Let f(x) = 5*x**2 - 43*x - 250. Let h be f(28). Calculate the greatest common divisor of h and 72.
18
Let o(j) = 2*j**3 - 4*j**2 + 4*j - 3. Let r be o(3). Suppose 371*f - 300*f = 21087. Calculate the highest common divisor of r and f.
27
Let w = -118 - -122. Suppose -120 = -w*s - 2*a, 0 = 4*s - 3*a + a - 120. What is the greatest common factor of s and 35?
5
Let a(z) = -z**2 - 9*z - 6. Let p be a(-12). Let q be ((-14)/(-10))/(p/(-6090)). Calculate the highest common factor of q and 29.
29
Suppose 189 = -417*o + 424*o. Let h be (-4)/(-20) + 2/(-10). Let w be h - (-9)/6*2. What is the greatest common divisor of w and o?
3
Let o = 166 + -170. Let y be 36*(0 + o)*9/(-12). What is the greatest common factor of 81 and y?
27
Let t be 364 + -8 - (6/(-2) - (-13 - -2)). What is the highest common divisor of t and 126?
6
Suppose 5*q + 2*r = 866, -164 = 38*q - 39*q - 5*r. Calculate the highest common factor of 5046 and q.
174
Let l(j) = 13*j**2 + 25*j - 81. Let g be l(3). Calculate the greatest common divisor of 4107 and g.
111
Let r be (-5 - -26)*(456 - (-4 - -13)). Calculate the highest common factor of 21 and r.
21
Let c(j) = -5*j**2 - 155*j + 40. Let d be c(-23). Let z = d - 828. What is the greatest common divisor of 55 and z?
11
Suppose c + 4244 = 3*z, 3*c + 533 - 1961 = -z. Suppose 4*t - z - 656 = 0. Suppose 0*o = -3*p + 4*o + t, -o = 2. What is the highest common divisor of 17 and p?
17
Let j = 306 - -91. Let p = 676 - j. Suppose -2*v - 5*y = -172 - 0, -3*v + p = -3*y. Calculate the highest common factor of v and 13.
13
Let q be (0 - 560/15)*(-6)/4. Suppose 15*b = 405 + 435. What is the greatest common factor of b and q?
56
Suppose 4 = -6*p + 16. Suppose -5*i + 152 = 3*u, p*u + 2*i - 43 - 53 = 0. Calculate the greatest common factor of 154 and u.
22
Suppose 26*k - 23*k + 2*t = 939, 4*t + 642 = 2*k. What is the highest common factor of 30 and k?
15
Let l = -63 + 73. Let i be l/((-3)/((-6)/4)). Suppose u - 1 = -4*p, -i*u + p + 0*p = -68. Calculate the greatest common factor of u and 65.
13
Let p(i) = 4*i**3 + 4*i**2 + 2. Let l be p(3). Suppose 7*g = -3*q + 1456, -503*q + 506*q - 1577 = 4*g. Calculate the greatest common divisor of l and q.
73
Let u = -23963 + 24121. What is the highest common divisor of u and 8?
2
Let u(q) = 87*q**2 - 135*q + 132. Let g be u(1). What is the greatest common divisor of 609 and g?
21
Suppose 1480*n - 4*w + 9 = 1481*n, -3*w = 4*n - 62. Calculate the greatest common factor of 1394 and n.
17
Let h be 4779/118*8/6. Let j be 6282/h - (21/9 + -3). What is the greatest common divisor of 9 and j?
9
Suppose -42*o - 80 + 1704 = -392. Calculate the greatest common factor of 21936 and o.
48
Let o(t) = -t**2 - 7*t + 5. Let a be o(-5). Let v(r) = 104*r + 1789. Let u be v(-17). Let i be 40/a*u/2. Calculate the greatest common divisor of 28 and i.
28
Let y(q) = q - 18. Let f be y(12). Let w be (-38)/f - 4/(-12)*2. Let g be w*-1*((-84)/(-49) + -6). Calculate the greatest common divisor of 50 and g.
10
Let s(r) = -r**3 - 6*r**2 - 6*r + 1. Let j be 1*(-8)/(20/5). Let p be s(j). Let h be 9180/288 + ((-6)/16)/p. What is the greatest common divisor of 80 and h?
16
Let l(w) = 7*w**2 - 6*w - 20. Let p(y) = -13*y + 61. Let q be p(4). Let v be l(q). What is the highest common divisor of 29 and v?
29
Let n be (-352)/12*(-210)/8. Suppose -n = -5*x - 0*x - y, 3*x = 4*y + 485. Let z = -4 - -35. Calculate the greatest common divisor of z and x.
31
Let y be (12 + 1326/(-119))/(9/6972). Calculate the highest common factor of 249 and y.
83
Let j(z) = z**3 - 113*z**2 + 36. Let u be j(113). Calculate the highest common factor of u and 1428.
12
Let q be (19/(-38))/((-9)/(-114))*-15. Let m = 338 - 155. Suppose -5*z + 7 = -m. What is the highest common factor of q and z?
19
Suppose -4123*o + 4144*o - 168 = 0. What is the highest common divisor of o and 50?
2
Suppose -t - 34 = -2*o - 3*t, -2*o + 5*t = -20. Let w be (729/o + 3)/((-24)/(-160)). What is the greatest common factor of w and 8?
8
Let z(i) be the second derivative of i**4/3 + i**3/2 - 3*i**2 - 24*i. Let l be z(5). Suppose 5*x - l = 166. What is the greatest common divisor 